{"id":152,"date":"2018-10-24T19:02:03","date_gmt":"2018-10-24T19:02:03","guid":{"rendered":"https:\/\/krisesamband.no\/?page_id=152"},"modified":"2025-11-20T21:00:34","modified_gmt":"2025-11-20T19:00:34","slug":"velkommen","status":"publish","type":"page","link":"https:\/\/krisesamband.no\/","title":{"rendered":"SAMBANDSTJENESTEN INNLANDET"},"content":{"rendered":"\r\n<h1 data-start=\"390\" data-end=\"443\">Velkommen til Sambandstjenesten Innlandet, NRRL<\/h1>\r\n<h1 data-start=\"445\" data-end=\"521\"><strong data-start=\"445\" data-end=\"461\">Vakttelefon:<\/strong> 40 41 50 50<br data-start=\"473\" data-end=\"476\" \/><strong data-start=\"476\" data-end=\"487\">E-post:<\/strong> <a class=\"decorated-link cursor-pointer\" rel=\"noopener\" data-start=\"488\" data-end=\"521\">sbi@nrrl.no<\/a><\/h1>\r\n<h3 data-start=\"750\" data-end=\"787\">\ufe0f <strong data-start=\"758\" data-end=\"787\">For kommuner og beredskap<\/strong><\/h3>\r\n<p data-start=\"788\" data-end=\"982\">Trenger dere st\u00f8tte til samband under \u00f8velser, kriser eller hendelser?<br data-start=\"858\" data-end=\"861\" \/>Vi bist\u00e5r kommuner, politi og Statsforvalteren med flyttbare\u00a0kommunikasjonsl\u00f8sninger \u2013 uavhengig av str\u00f8m og internett.<\/p>\r\n<p><strong data-start=\"528\" data-end=\"565\">Sambandstjenesten Innlandet (SBI)<\/strong> er en sammenslutning av Norsk Radio Rel\u00e6 Ligas sambandsgrupper i Innlandet.<br data-start=\"645\" data-end=\"648\" \/>Vi st\u00f8tter offentlige myndigheter med sikre og fleksible krisesambandsl\u00f8sninger, og kan ved behov bidra nasjonalt gjennom NRRLs sambandstjeneste.<\/p>\r\n<p>Vi samarbeider med flere kommuner i Innlandet<strong>,<\/strong> blant annet Lesja, Dovre og Sel<strong>,<\/strong> samt Politiet, Statsforvalteren og de frivillige redningsorganisasjonene i FORF.<br data-start=\"1154\" data-end=\"1157\" \/>Sammen bidrar vi til \u00e5 styrke beredskap, kommunikasjon og samhandling i hele regionen.<\/p>\r\n<p>Vi er en del av <a href=\"https:\/\/nrrl.no\/\">NRRL<\/a>s nasjonale sambandstjeneste \u2013 til st\u00f8tte for kommuner, politi, Statsforvalter og frivillige i Innlandet.<\/p>\r\n<h3 data-start=\"1026\" data-end=\"1054\"><strong data-start=\"1033\" data-end=\"1054\">For radioamat\u00f8rer<\/strong><\/h3>\r\n<p data-start=\"1055\" data-end=\"1256\">Er du radioamat\u00f8r \u2013 eller nysgjerrig p\u00e5 n\u00f8d- og krisesamband?<br data-start=\"1116\" data-end=\"1119\" \/>Bli med i et engasjert fagmilj\u00f8 der vi \u00f8ver, l\u00e6rer og bidrar til samfunnets beredskap.<br data-start=\"1209\" data-end=\"1212\" \/>Du trenger bare interesse \u2013 vi l\u00e6rer sammen!<\/p>\r\n<p data-start=\"1055\" data-end=\"1256\"><strong data-start=\"538\" data-end=\"563\">Kort. Enkelt. Viktig.<\/strong><br data-start=\"563\" data-end=\"566\" \/>Bli med p\u00e5 ukentlig innsjekk hver s\u00f8ndag kl. 19:30 NT p\u00e5 <strong data-start=\"623\" data-end=\"645\">Innlandsnettet VHF<\/strong>.<br data-start=\"646\" data-end=\"649\" \/>En rask og verdifull \u00f8velse for alle i Sambandstjenesten Innlandet.<\/p>\r\n<p data-start=\"1055\" data-end=\"1256\">Hva er amat\u00f8rradio? Se her:<a href=\"https:\/\/youtu.be\/b1y4m1JyjFY?si=0sawKKRhbZzUc-AW\"> https:\/\/youtu.be\/b1y4m1JyjFY?si=0sawKKRhbZzUc-AW<\/a><\/p>\r\n<p><img loading=\"lazy\" decoding=\"async\" class=\"alignnone size-medium wp-image-1920\" src=\"https:\/\/krisesamband.no\/wp-content\/uploads\/2025\/10\/FORF-25-Maria-Kampesaeter-Kleiven.-LB4XG-pa-Hjerkinn-FORF-ovelse-200x300.jpg\" alt=\"\" width=\"200\" height=\"300\" srcset=\"https:\/\/krisesamband.no\/wp-content\/uploads\/2025\/10\/FORF-25-Maria-Kampesaeter-Kleiven.-LB4XG-pa-Hjerkinn-FORF-ovelse-200x300.jpg 200w, https:\/\/krisesamband.no\/wp-content\/uploads\/2025\/10\/FORF-25-Maria-Kampesaeter-Kleiven.-LB4XG-pa-Hjerkinn-FORF-ovelse-681x1024.jpg 681w, https:\/\/krisesamband.no\/wp-content\/uploads\/2025\/10\/FORF-25-Maria-Kampesaeter-Kleiven.-LB4XG-pa-Hjerkinn-FORF-ovelse-768x1155.jpg 768w, https:\/\/krisesamband.no\/wp-content\/uploads\/2025\/10\/FORF-25-Maria-Kampesaeter-Kleiven.-LB4XG-pa-Hjerkinn-FORF-ovelse-1022x1536.jpg 1022w, https:\/\/krisesamband.no\/wp-content\/uploads\/2025\/10\/FORF-25-Maria-Kampesaeter-Kleiven.-LB4XG-pa-Hjerkinn-FORF-ovelse-960x1443.jpg 960w, https:\/\/krisesamband.no\/wp-content\/uploads\/2025\/10\/FORF-25-Maria-Kampesaeter-Kleiven.-LB4XG-pa-Hjerkinn-FORF-ovelse.jpg 1317w\" sizes=\"auto, (max-width: 200px) 100vw, 200px\" \/> <img loading=\"lazy\" decoding=\"async\" class=\"alignnone  wp-image-1921\" src=\"https:\/\/krisesamband.no\/wp-content\/uploads\/2025\/10\/Logo-sambandstjenesten.jpeg\" alt=\"\" width=\"301\" height=\"295\" \/> <img loading=\"lazy\" decoding=\"async\" class=\"alignnone  wp-image-1922\" src=\"https:\/\/krisesamband.no\/wp-content\/uploads\/2025\/10\/LB4GH-Straumbu-web-1MB-225x300.jpg\" alt=\"\" width=\"218\" height=\"291\" srcset=\"https:\/\/krisesamband.no\/wp-content\/uploads\/2025\/10\/LB4GH-Straumbu-web-1MB-225x300.jpg 225w, https:\/\/krisesamband.no\/wp-content\/uploads\/2025\/10\/LB4GH-Straumbu-web-1MB-768x1024.jpg 768w, https:\/\/krisesamband.no\/wp-content\/uploads\/2025\/10\/LB4GH-Straumbu-web-1MB-1152x1536.jpg 1152w, https:\/\/krisesamband.no\/wp-content\/uploads\/2025\/10\/LB4GH-Straumbu-web-1MB-1536x2048.jpg 1536w, https:\/\/krisesamband.no\/wp-content\/uploads\/2025\/10\/LB4GH-Straumbu-web-1MB-960x1280.jpg 960w, https:\/\/krisesamband.no\/wp-content\/uploads\/2025\/10\/LB4GH-Straumbu-web-1MB-scaled.jpg 1920w\" sizes=\"auto, (max-width: 218px) 100vw, 218px\" \/> <img loading=\"lazy\" decoding=\"async\" class=\"alignnone  wp-image-1418\" src=\"https:\/\/krisesamband.no\/wp-content\/uploads\/2024\/02\/LA4PGA-drifter-framskutt-KO-300x225.jpg\" alt=\"\" width=\"384\" height=\"288\" srcset=\"https:\/\/krisesamband.no\/wp-content\/uploads\/2024\/02\/LA4PGA-drifter-framskutt-KO-300x225.jpg 300w, https:\/\/krisesamband.no\/wp-content\/uploads\/2024\/02\/LA4PGA-drifter-framskutt-KO-1024x768.jpg 1024w, https:\/\/krisesamband.no\/wp-content\/uploads\/2024\/02\/LA4PGA-drifter-framskutt-KO-768x576.jpg 768w, https:\/\/krisesamband.no\/wp-content\/uploads\/2024\/02\/LA4PGA-drifter-framskutt-KO-1536x1152.jpg 1536w, https:\/\/krisesamband.no\/wp-content\/uploads\/2024\/02\/LA4PGA-drifter-framskutt-KO-2048x1536.jpg 2048w, https:\/\/krisesamband.no\/wp-content\/uploads\/2024\/02\/LA4PGA-drifter-framskutt-KO-960x720.jpg 960w\" sizes=\"auto, (max-width: 384px) 100vw, 384px\" \/><\/p>\r\n<p>&nbsp;<\/p>\r\n<p>Bil med - se her:<a href=\"https:\/\/youtu.be\/WG4MrFOPxAk?si=FTCQ8Y6rIqe4npmo\"> https:\/\/youtu.be\/WG4MrFOPxAk?si=FTCQ8Y6rIqe4npmo<\/a><\/p>\r\n<p><em data-start=\"228\" data-end=\"308\">Statistikk registreres lokalt av Statify \u2013 uten bruk av cookies eller sporing.<\/em><\/p>\r\n\r\n\r\n","protected":false},"excerpt":{"rendered":"<p>Velkommen til Sambandstjenesten Innlandet, NRRL Vakttelefon: 40 41 50 50E-post: sbi@nrrl.no \ufe0f For kommuner og beredskap Trenger dere st\u00f8tte til samband under \u00f8velser, kriser eller hendelser?Vi bist\u00e5r kommuner, politi og Statsforvalteren med flyttbare\u00a0kommunikasjonsl\u00f8sninger \u2013 uavhengig av str\u00f8m og internett. Sambandstjenesten Innlandet (SBI) er en sammenslutning av Norsk Radio Rel\u00e6 Ligas sambandsgrupper i Innlandet.Vi st\u00f8tter offentlige <a href=\"https:\/\/krisesamband.no\/\" class=\"more-link\">\u2026 fortsett \u00e5 lese<span class=\"screen-reader-text\"> \u00abSAMBANDSTJENESTEN INNLANDET\u00bb<\/span><\/a><\/p>\n","protected":false},"author":1,"featured_media":0,"parent":0,"menu_order":0,"comment_status":"closed","ping_status":"closed","template":"page-templates\/front-page.php","meta":{"footnotes":""},"class_list":["post-152","page","type-page","status-publish","h-entry","hentry","h-as-page"],"_links":{"self":[{"href":"https:\/\/krisesamband.no\/index.php?rest_route=\/wp\/v2\/pages\/152","targetHints":{"allow":["GET"]}}],"collection":[{"href":"https:\/\/krisesamband.no\/index.php?rest_route=\/wp\/v2\/pages"}],"about":[{"href":"https:\/\/krisesamband.no\/index.php?rest_route=\/wp\/v2\/types\/page"}],"author":[{"embeddable":true,"href":"https:\/\/krisesamband.no\/index.php?rest_route=\/wp\/v2\/users\/1"}],"replies":[{"embeddable":true,"href":"https:\/\/krisesamband.no\/index.php?rest_route=%2Fwp%2Fv2%2Fcomments&post=152"}],"version-history":[{"count":46,"href":"https:\/\/krisesamband.no\/index.php?rest_route=\/wp\/v2\/pages\/152\/revisions"}],"predecessor-version":[{"id":1994,"href":"https:\/\/krisesamband.no\/index.php?rest_route=\/wp\/v2\/pages\/152\/revisions\/1994"}],"wp:attachment":[{"href":"https:\/\/krisesamband.no\/index.php?rest_route=%2Fwp%2Fv2%2Fmedia&parent=152"}],"curies":[{"name":"wp","href":"https:\/\/api.w.org\/{rel}","templated":true}]}}