{"id":64,"date":"2018-10-02T19:39:30","date_gmt":"2018-10-02T19:39:30","guid":{"rendered":"https:\/\/krisesamband.no\/?page_id=64"},"modified":"2025-10-25T15:34:26","modified_gmt":"2025-10-25T13:34:26","slug":"kontakt-sambandstjenesten-innlandet","status":"publish","type":"page","link":"https:\/\/krisesamband.no\/?page_id=64","title":{"rendered":"Kontakt Sambandstjenesten Innlandet"},"content":{"rendered":"\r\n<h2 data-start=\"160\" data-end=\"184\">Kontaktinformasjon<\/h2>\r\n<p data-start=\"185\" data-end=\"262\"><strong data-start=\"185\" data-end=\"196\">E-post:<\/strong> <a class=\"decorated-link cursor-pointer\" rel=\"noopener\" data-start=\"197\" data-end=\"230\">sbi@nrrl.no<\/a><br data-start=\"230\" data-end=\"233\" \/><strong data-start=\"233\" data-end=\"249\">Vakttelefon:<\/strong> 404 15 050<\/p>\r\n<hr data-start=\"264\" data-end=\"267\" \/>\r\n<h2 data-start=\"469\" data-end=\"529\">Styret i Sambandstjenesten Innlandet (SBI) 2025\u20132026<\/h2>\r\n<p data-start=\"530\" data-end=\"709\">Har du sp\u00f8rsm\u00e5l, \u00f8nsker \u00e5 bli med, eller trenger \u00e5 komme i kontakt med oss?<br data-start=\"605\" data-end=\"608\" \/>Send e-post til <a class=\"decorated-link cursor-pointer\" rel=\"noopener\" data-start=\"624\" data-end=\"657\">sbi@nrrl.no da n\u00e5r du alle i styret, og styret s\u00f8rger for at riktig person f\u00e5r foresp\u00f8rselen.<\/a><\/p>\r\n<div class=\"_tableContainer_1rjym_1\">\r\n<div class=\"group _tableWrapper_1rjym_13 flex w-fit flex-col-reverse\" tabindex=\"-1\">\r\n<table class=\"w-fit min-w-(--thread-content-width)\" data-start=\"711\" data-end=\"1114\">\r\n<thead data-start=\"711\" data-end=\"751\">\r\n<tr data-start=\"711\" data-end=\"751\">\r\n<th data-start=\"711\" data-end=\"719\" data-col-size=\"sm\">Rolle<\/th>\r\n<th data-start=\"719\" data-end=\"726\" data-col-size=\"sm\">Navn<\/th>\r\n<th data-start=\"726\" data-end=\"740\" data-col-size=\"sm\">Kallesignal<\/th>\r\n<th data-start=\"740\" data-end=\"751\" data-col-size=\"sm\">Telefon<\/th>\r\n<\/tr>\r\n<\/thead>\r\n<tbody data-start=\"794\" data-end=\"1114\">\r\n<tr data-start=\"794\" data-end=\"849\">\r\n<td data-start=\"794\" data-end=\"806\" data-col-size=\"sm\"><strong data-start=\"796\" data-end=\"805\">Leder<\/strong><\/td>\r\n<td data-col-size=\"sm\" data-start=\"806\" data-end=\"826\">Torgeir Ekerbakke<\/td>\r\n<td data-col-size=\"sm\" data-start=\"826\" data-end=\"835\">LA8NJA<\/td>\r\n<td data-col-size=\"sm\" data-start=\"835\" data-end=\"849\">970 17 910<\/td>\r\n<\/tr>\r\n<tr data-start=\"850\" data-end=\"913\">\r\n<td data-start=\"850\" data-end=\"866\" data-col-size=\"sm\"><strong data-start=\"852\" data-end=\"865\">Nestleder<\/strong><\/td>\r\n<td data-col-size=\"sm\" data-start=\"866\" data-end=\"889\">Haakon Wasenius Dahl<\/td>\r\n<td data-col-size=\"sm\" data-start=\"889\" data-end=\"897\">LB3LI<\/td>\r\n<td data-col-size=\"sm\" data-start=\"897\" data-end=\"913\">\u00a0<\/td>\r\n<\/tr>\r\n<tr data-start=\"914\" data-end=\"971\">\r\n<td data-start=\"914\" data-end=\"929\" data-col-size=\"sm\"><strong data-start=\"916\" data-end=\"928\">Kasserer<\/strong><\/td>\r\n<td data-col-size=\"sm\" data-start=\"929\" data-end=\"946\">Henrik Solhaug<\/td>\r\n<td data-col-size=\"sm\" data-start=\"946\" data-end=\"955\">LA6ETA<\/td>\r\n<td data-col-size=\"sm\" data-start=\"955\" data-end=\"971\">\u00a0<\/td>\r\n<\/tr>\r\n<tr data-start=\"972\" data-end=\"1036\">\r\n<td data-start=\"972\" data-end=\"990\" data-col-size=\"sm\"><strong data-start=\"974\" data-end=\"989\">Styremedlem<\/strong><\/td>\r\n<td data-col-size=\"sm\" data-start=\"990\" data-end=\"1012\">Stein Erik Gr\u00f8nstad<\/td>\r\n<td data-col-size=\"sm\" data-start=\"1012\" data-end=\"1020\">LB3KI<\/td>\r\n<td data-col-size=\"sm\" data-start=\"1020\" data-end=\"1036\">\u00a0<\/td>\r\n<\/tr>\r\n<tr data-start=\"1037\" data-end=\"1114\">\r\n<td data-start=\"1037\" data-end=\"1070\" data-col-size=\"sm\"><strong data-start=\"1039\" data-end=\"1069\">Styremedlem \/ FORF-kontakt<\/strong><\/td>\r\n<td data-col-size=\"sm\" data-start=\"1070\" data-end=\"1090\">St\u00e5le W. Stenhaug<\/td>\r\n<td data-col-size=\"sm\" data-start=\"1090\" data-end=\"1098\">LB3LJ<\/td>\r\n<td data-col-size=\"sm\" data-start=\"1098\" data-end=\"1114\">\u00a0<\/td>\r\n<\/tr>\r\n<\/tbody>\r\n<\/table>\r\n<\/div>\r\n<\/div>\r\n<p data-start=\"1121\" data-end=\"1265\"><strong data-start=\"1124\" data-end=\"1133\">Tips:<\/strong> Bruk hovedadressen <a class=\"decorated-link cursor-pointer\" rel=\"noopener\" data-start=\"1153\" data-end=\"1186\">sbi@nrrl.no<\/a> for alle henvendelser. Styret s\u00f8rger for at foresp\u00f8rselen n\u00e5r riktig person.<\/p>\r\n<div class=\"_tableContainer_1rjym_1\">\r\n<div class=\"group _tableWrapper_1rjym_13 flex w-fit flex-col-reverse\" tabindex=\"-1\">\u00a0<\/div>\r\n<\/div>\r\n<p data-start=\"805\" data-end=\"939\">\u00a0<\/p>\r\n<p><br \/><br \/>\r\n\r\n\r\n\r\n\r\n\r\n\r\n\r\n\r\n\r\n<\/p>\r\n<p>&nbsp;<\/p>\r\n<p>\r\n\r\n<\/p>","protected":false},"excerpt":{"rendered":"","protected":false},"author":1,"featured_media":0,"parent":0,"menu_order":0,"comment_status":"closed","ping_status":"closed","template":"","meta":{"footnotes":""},"class_list":["post-64","page","type-page","status-publish","h-entry","hentry","h-as-page"],"_links":{"self":[{"href":"https:\/\/krisesamband.no\/index.php?rest_route=\/wp\/v2\/pages\/64","targetHints":{"allow":["GET"]}}],"collection":[{"href":"https:\/\/krisesamband.no\/index.php?rest_route=\/wp\/v2\/pages"}],"about":[{"href":"https:\/\/krisesamband.no\/index.php?rest_route=\/wp\/v2\/types\/page"}],"author":[{"embeddable":true,"href":"https:\/\/krisesamband.no\/index.php?rest_route=\/wp\/v2\/users\/1"}],"replies":[{"embeddable":true,"href":"https:\/\/krisesamband.no\/index.php?rest_route=%2Fwp%2Fv2%2Fcomments&post=64"}],"version-history":[{"count":29,"href":"https:\/\/krisesamband.no\/index.php?rest_route=\/wp\/v2\/pages\/64\/revisions"}],"predecessor-version":[{"id":1956,"href":"https:\/\/krisesamband.no\/index.php?rest_route=\/wp\/v2\/pages\/64\/revisions\/1956"}],"wp:attachment":[{"href":"https:\/\/krisesamband.no\/index.php?rest_route=%2Fwp%2Fv2%2Fmedia&parent=64"}],"curies":[{"name":"wp","href":"https:\/\/api.w.org\/{rel}","templated":true}]}}